{"id":34,"date":"2025-07-21T12:14:52","date_gmt":"2025-07-21T12:14:52","guid":{"rendered":"https:\/\/i76.biz\/?page_id=34"},"modified":"2025-07-21T12:14:52","modified_gmt":"2025-07-21T12:14:52","slug":"o-firmie","status":"publish","type":"page","link":"http:\/\/i76.biz\/","title":{"rendered":"O firmie"},"content":{"rendered":"\n<p>Nasza firma dzia\u0142a od 2012 roku. Jako zesp\u00f3\u0142 wykwalifikowanych ekspert\u00f3w, pe\u0142nimy kompleksowe us\u0142ugi z wysok\u0105 jako\u015bci\u0105 i profesjonalizmem \u00ad\u00ad\u00adw zakresie IT oraz Finans\u00f3w\/Kontrolingu, mi\u0119dzy innymi:<\/p>\n\n\n\n<p>\u2022 Us\u0142ugi infrastruktury informatycznej i jej bezpiecze\u0144stwa, komunikacji WAN,<\/p>\n\n\n\n<p>\u2022 Wsparcie w procesach raportowania, kontrolingu i bud\u017cetowania oraz prognoz finansowych.<\/p>\n\n\n\n<p>Jeste\u015bmy silnym, warto\u015bciowym i niezawodnym partnerem. Podchodzimy indywidualnie do ka\u017cdego klienta, aby spe\u0142ni\u0107 jego potrzeby oraz udzieli\u0107 pomocy w kluczowych decyzjach.<\/p>\n\n\n\n<p>Nasi eksperci pomog\u0105 szybko zidentyfikowa\u0107 istotne problemy, z kt\u00f3rymi na co dzie\u0144 borykaj\u0105 si\u0119 firmy oraz znajd\u0105 dla nich rozwi\u0105zania.<\/p>\n\n\n\n<p>Nasze wieloletnie do\u015bwiadczenie i zdobyta wiedza, daj\u0105 gwarancj\u0119 sukcesu naszym partnerom biznesowym.<\/p>\n\n\n\n<p>Je\u015bli s\u0105 Pa\u0144stwo zainteresowani naszymi us\u0142ugami, prosimy o wiadomo\u015b\u0107 poprzez formularz w zak\u0142adce Kontakt.<\/p>\n","protected":false},"excerpt":{"rendered":"<p>Nasza firma dzia\u0142a od 2012 roku. Jako zesp\u00f3\u0142 wykwalifikowanych ekspert\u00f3w, pe\u0142nimy kompleksowe us\u0142ugi z wysok\u0105 jako\u015bci\u0105 i profesjonalizmem \u00ad\u00ad\u00adw zakresie IT oraz Finans\u00f3w\/Kontrolingu, mi\u0119dzy innymi: \u2022 Us\u0142ugi infrastruktury informatycznej i jej bezpiecze\u0144stwa, komunikacji WAN, \u2022 Wsparcie w procesach raportowania, kontrolingu i bud\u017cetowania oraz prognoz finansowych. Jeste\u015bmy silnym, warto\u015bciowym i niezawodnym partnerem. Podchodzimy indywidualnie do ka\u017cdego [&hellip;]<\/p>\n","protected":false},"author":1,"featured_media":0,"parent":0,"menu_order":0,"comment_status":"closed","ping_status":"closed","template":"","meta":{"_themeisle_gutenberg_block_has_review":false,"footnotes":""},"class_list":["post-34","page","type-page","status-publish","hentry"],"_links":{"self":[{"href":"http:\/\/i76.biz\/index.php\/wp-json\/wp\/v2\/pages\/34","targetHints":{"allow":["GET"]}}],"collection":[{"href":"http:\/\/i76.biz\/index.php\/wp-json\/wp\/v2\/pages"}],"about":[{"href":"http:\/\/i76.biz\/index.php\/wp-json\/wp\/v2\/types\/page"}],"author":[{"embeddable":true,"href":"http:\/\/i76.biz\/index.php\/wp-json\/wp\/v2\/users\/1"}],"replies":[{"embeddable":true,"href":"http:\/\/i76.biz\/index.php\/wp-json\/wp\/v2\/comments?post=34"}],"version-history":[{"count":1,"href":"http:\/\/i76.biz\/index.php\/wp-json\/wp\/v2\/pages\/34\/revisions"}],"predecessor-version":[{"id":35,"href":"http:\/\/i76.biz\/index.php\/wp-json\/wp\/v2\/pages\/34\/revisions\/35"}],"wp:attachment":[{"href":"http:\/\/i76.biz\/index.php\/wp-json\/wp\/v2\/media?parent=34"}],"curies":[{"name":"wp","href":"https:\/\/api.w.org\/{rel}","templated":true}]}}